{"id":2254,"date":"2015-01-20T14:51:48","date_gmt":"2015-01-20T14:51:48","guid":{"rendered":"https:\/\/www.hasert-haut.de\/mitgliedschaften\/"},"modified":"2023-06-06T15:17:12","modified_gmt":"2023-06-06T15:17:12","slug":"uyelikler","status":"publish","type":"page","link":"https:\/\/www.hasert-haut.de\/tr\/uygulama\/uyelikler\/","title":{"rendered":"\u00fcyelikler"},"content":{"rendered":"\n<style type=\"text\/css\" data-created_by=\"avia_inline_auto\" id=\"style-css-av-l80b1hn9-9f2eba59af245f080f06f2c34f92d60f\">\n.avia-section.av-l80b1hn9-9f2eba59af245f080f06f2c34f92d60f{\nbackground-repeat:no-repeat;\nbackground-image:url(https:\/\/www.hasert-haut.de\/wp-content\/uploads\/2015\/01\/praxisklinik-dr-hasert-mitgliedschaften.jpg);\nbackground-position:50% 50%;\nbackground-attachment:scroll;\n}\n<\/style>\n<div id='av_section_1'  class='avia-section av-l80b1hn9-9f2eba59af245f080f06f2c34f92d60f main_color avia-section-default avia-no-border-styling  avia-builder-el-0  el_before_av_section  avia-builder-el-first  avia-full-stretch avia-bg-style-scroll av-minimum-height av-minimum-height-50 av-height-50  container_wrap fullsize'  data-section-bg-repeat='stretch' data-av_minimum_height_pc='50' data-av_min_height_opt='50'><div class='container av-section-cont-open' ><main  role=\"main\" itemprop=\"mainContentOfPage\"  class='template-page content  av-content-full alpha units'><div class='post-entry post-entry-type-page post-entry-2254'><div class='entry-content-wrapper clearfix'>\n<\/div><\/div><\/main><!-- close content main element --><\/div><\/div><div id='av_section_2'  class='avia-section av-1c52y-6705d96d726e34f30075afd1c9f98823 main_color avia-section-huge avia-no-border-styling  avia-builder-el-1  el_after_av_section  avia-builder-el-last  avia-bg-style-scroll container_wrap fullsize'  ><div class='container av-section-cont-open' ><div class='template-page content  av-content-full alpha units'><div class='post-entry post-entry-type-page post-entry-2254'><div class='entry-content-wrapper clearfix'>\n\n<style type=\"text\/css\" data-created_by=\"avia_inline_auto\" id=\"style-css-av-1zubm-cf8dd5eea0f9c55c19c0ef078ddbcf82\">\n#top .flex_column.av-1zubm-cf8dd5eea0f9c55c19c0ef078ddbcf82{\nmargin-top:-200px;\nmargin-bottom:-200px;\n}\n.flex_column.av-1zubm-cf8dd5eea0f9c55c19c0ef078ddbcf82{\nborder-radius:0px 0px 0px 0px;\npadding:30px 30px 30px 30px;\nbackground-color:#ffffff;\n}\n.responsive #top #wrap_all .flex_column.av-1zubm-cf8dd5eea0f9c55c19c0ef078ddbcf82{\nmargin-top:-200px;\nmargin-bottom:-200px;\n}\n<\/style>\n<div  class='flex_column av-1zubm-cf8dd5eea0f9c55c19c0ef078ddbcf82 av_one_full  avia-builder-el-2  el_before_av_hr  avia-builder-el-first  first flex_column_div  '     ><style type=\"text\/css\" data-created_by=\"avia_inline_auto\" id=\"style-css-av-l96ul8id-aad023ae513f9642909a7fbba7c9e959\">\n#top .av-special-heading.av-l96ul8id-aad023ae513f9642909a7fbba7c9e959{\nmargin:30px 0 0 0;\npadding-bottom:10px;\n}\nbody .av-special-heading.av-l96ul8id-aad023ae513f9642909a7fbba7c9e959 .av-special-heading-tag .heading-char{\nfont-size:25px;\n}\n.av-special-heading.av-l96ul8id-aad023ae513f9642909a7fbba7c9e959 .av-subheading{\nfont-size:15px;\n}\n<\/style>\n<div  class='av-special-heading av-l96ul8id-aad023ae513f9642909a7fbba7c9e959 av-special-heading-h1 blockquote modern-quote modern-centered  avia-builder-el-3  avia-builder-el-no-sibling '><h1 class='av-special-heading-tag'  itemprop=\"headline\"  >\u00fcyelikler<\/h1><div class=\"special-heading-border\"><div class=\"special-heading-inner-border\"><\/div><\/div><\/div><\/div>\n<style type=\"text\/css\" data-created_by=\"avia_inline_auto\" id=\"style-css-av-l96u2dxw-bef62529ba4e12912e5f4b47d6fefae0\">\n#top .hr.hr-invisible.av-l96u2dxw-bef62529ba4e12912e5f4b47d6fefae0{\nheight:50px;\n}\n<\/style>\n<div  class='hr av-l96u2dxw-bef62529ba4e12912e5f4b47d6fefae0 hr-invisible  avia-builder-el-4  el_after_av_one_full  el_before_av_heading '><span class='hr-inner '><span class=\"hr-inner-style\"><\/span><\/span><\/div>\n\n<style type=\"text\/css\" data-created_by=\"avia_inline_auto\" id=\"style-css-av-1acx2-6c6b3e54fd409c363750001e77f25565\">\n#top .av-special-heading.av-1acx2-6c6b3e54fd409c363750001e77f25565{\npadding-bottom:10px;\n}\nbody .av-special-heading.av-1acx2-6c6b3e54fd409c363750001e77f25565 .av-special-heading-tag .heading-char{\nfont-size:25px;\n}\n.av-special-heading.av-1acx2-6c6b3e54fd409c363750001e77f25565 .av-subheading{\nfont-size:15px;\n}\n<\/style>\n<div  class='av-special-heading av-1acx2-6c6b3e54fd409c363750001e77f25565 av-special-heading-h2 blockquote modern-quote  avia-builder-el-5  el_after_av_hr  el_before_av_textblock '><h2 class='av-special-heading-tag'  itemprop=\"headline\"  >doktor Karen Hasert<\/h2><div class=\"special-heading-border\"><div class=\"special-heading-inner-border\"><\/div><\/div><\/div>\n<section  class='av_textblock_section av-20x3a-e5703d43d5f1a6ffa82a0e7d4237981b '   itemscope=\"itemscope\" itemtype=\"https:\/\/schema.org\/CreativeWork\" ><div class='avia_textblock'  itemprop=\"text\" ><ul>\n<li>Alman Dermatoloji Derne\u011fi (DDG)<\/li>\n<li>Alman Lazer Derne\u011fi<\/li>\n<\/ul>\n<\/div><\/section>\n\n<style type=\"text\/css\" data-created_by=\"avia_inline_auto\" id=\"style-css-av-vlla-f69193872307952d1a7dacb6dffefecf\">\n#top .av-special-heading.av-vlla-f69193872307952d1a7dacb6dffefecf{\npadding-bottom:10px;\n}\nbody .av-special-heading.av-vlla-f69193872307952d1a7dacb6dffefecf .av-special-heading-tag .heading-char{\nfont-size:25px;\n}\n.av-special-heading.av-vlla-f69193872307952d1a7dacb6dffefecf .av-subheading{\nfont-size:15px;\n}\n<\/style>\n<div  class='av-special-heading av-vlla-f69193872307952d1a7dacb6dffefecf av-special-heading-h2 blockquote modern-quote  avia-builder-el-7  el_after_av_textblock  el_before_av_textblock '><h2 class='av-special-heading-tag'  itemprop=\"headline\"  >doktor Raoul Hasert<\/h2><div class=\"special-heading-border\"><div class=\"special-heading-inner-border\"><\/div><\/div><\/div>\n<section  class='av_textblock_section av-374y-d94dd4c8d6f67223b8569040fe7672c0 '   itemscope=\"itemscope\" itemtype=\"https:\/\/schema.org\/CreativeWork\" ><div class='avia_textblock'  itemprop=\"text\" ><ul>\n<li>Alman Lazer Derne\u011fi<\/li>\n<li>Uluslararas\u0131 Estetik T\u0131p Derne\u011fi (IG\u00c4M)<\/li>\n<li>Amerikan Klinik Onkoloji Derne\u011fi (ASCO)<\/li>\n<li>Alman Estetik Cerrahi Derne\u011fi (G\u00c4CD)<\/li>\n<li>Gesellschaft f\u00fcr \u00c4sthetische Chirurgie Deutschlands (G\u00c4CD)<\/li>\n<li>Alman Dermatocerrahi Derne\u011fi<\/li>\n<\/ul>\n<\/div><\/section>\n\n","protected":false},"excerpt":{"rendered":"<p>Dermatolog Dr. Raoul Hasert&#8217;in ve Berlin-Mitte&#8217;deki Friedrichstra\u00dfe&#8217;de bulunan Dr. Hasert muayenehanesinin \u00fcyelikleri.<\/p>\n","protected":false},"author":1,"featured_media":0,"parent":2139,"menu_order":0,"comment_status":"closed","ping_status":"closed","template":"","meta":{"footnotes":""},"class_list":["post-2254","page","type-page","status-publish","hentry"],"yoast_head":"<!-- This site is optimized with the Yoast SEO plugin v25.3.1 - https:\/\/yoast.com\/wordpress\/plugins\/seo\/ -->\n<title>\u00dcyelikler | Dermatolog Dr. Hasert Berlin<\/title>\n<meta name=\"description\" content=\"Dermatolog Dr. Raoul Hasert&#039;in ve Berlin-Mitte&#039;deki Friedrichstra\u00dfe&#039;de bulunan Dr. Hasert muayenehanesinin \u00fcyelikleri.\" \/>\n<meta name=\"robots\" content=\"index, follow, max-snippet:-1, max-image-preview:large, max-video-preview:-1\" \/>\n<link rel=\"canonical\" href=\"https:\/\/www.hasert-haut.de\/tr\/uygulama\/uyelikler\/\" \/>\n<meta property=\"og:locale\" content=\"tr_TR\" \/>\n<meta property=\"og:type\" content=\"article\" \/>\n<meta property=\"og:title\" content=\"\u00dcyelikler | Dermatolog Dr. Hasert Berlin\" \/>\n<meta property=\"og:description\" content=\"Dermatolog Dr. Raoul Hasert&#039;in ve Berlin-Mitte&#039;deki Friedrichstra\u00dfe&#039;de bulunan Dr. Hasert muayenehanesinin \u00fcyelikleri.\" \/>\n<meta property=\"og:url\" content=\"https:\/\/www.hasert-haut.de\/tr\/uygulama\/uyelikler\/\" \/>\n<meta property=\"og:site_name\" content=\"Hautarzt Berlin - Praxisklinik Dr. Hasert\" \/>\n<meta property=\"article:modified_time\" content=\"2023-06-06T15:17:12+00:00\" \/>\n<meta name=\"twitter:label1\" content=\"Tahmini okuma s\u00fcresi\" \/>\n\t<meta name=\"twitter:data1\" content=\"2 dakika\" \/>\n<script type=\"application\/ld+json\" class=\"yoast-schema-graph\">{\"@context\":\"https:\/\/schema.org\",\"@graph\":[{\"@type\":\"WebPage\",\"@id\":\"https:\/\/www.hasert-haut.de\/tr\/uygulama\/uyelikler\/\",\"url\":\"https:\/\/www.hasert-haut.de\/tr\/uygulama\/uyelikler\/\",\"name\":\"\u00dcyelikler | Dermatolog Dr. Hasert Berlin\",\"isPartOf\":{\"@id\":\"https:\/\/www.hasert-haut.de\/tr\/#website\"},\"datePublished\":\"2015-01-20T14:51:48+00:00\",\"dateModified\":\"2023-06-06T15:17:12+00:00\",\"description\":\"Dermatolog Dr. Raoul Hasert'in ve Berlin-Mitte'deki Friedrichstra\u00dfe'de bulunan Dr. Hasert muayenehanesinin \u00fcyelikleri.\",\"breadcrumb\":{\"@id\":\"https:\/\/www.hasert-haut.de\/tr\/uygulama\/uyelikler\/#breadcrumb\"},\"inLanguage\":\"tr\",\"potentialAction\":[{\"@type\":\"ReadAction\",\"target\":[\"https:\/\/www.hasert-haut.de\/tr\/uygulama\/uyelikler\/\"]}]},{\"@type\":\"BreadcrumbList\",\"@id\":\"https:\/\/www.hasert-haut.de\/tr\/uygulama\/uyelikler\/#breadcrumb\",\"itemListElement\":[{\"@type\":\"ListItem\",\"position\":1,\"name\":\"Home\",\"item\":\"https:\/\/www.hasert-haut.de\/tr\/hosgeldiniz\/\"},{\"@type\":\"ListItem\",\"position\":2,\"name\":\"\u00fcyelikler\"}]},{\"@type\":\"WebSite\",\"@id\":\"https:\/\/www.hasert-haut.de\/tr\/#website\",\"url\":\"https:\/\/www.hasert-haut.de\/tr\/\",\"name\":\"Hautarzt Berlin - Praxisklinik Dr. Hasert\",\"description\":\"Hautarzt, Allgemeinmedizin\",\"potentialAction\":[{\"@type\":\"SearchAction\",\"target\":{\"@type\":\"EntryPoint\",\"urlTemplate\":\"https:\/\/www.hasert-haut.de\/tr\/?s={search_term_string}\"},\"query-input\":{\"@type\":\"PropertyValueSpecification\",\"valueRequired\":true,\"valueName\":\"search_term_string\"}}],\"inLanguage\":\"tr\"}]}<\/script>\n<!-- \/ Yoast SEO plugin. -->","yoast_head_json":{"title":"\u00dcyelikler | Dermatolog Dr. Hasert Berlin","description":"Dermatolog Dr. Raoul Hasert'in ve Berlin-Mitte'deki Friedrichstra\u00dfe'de bulunan Dr. Hasert muayenehanesinin \u00fcyelikleri.","robots":{"index":"index","follow":"follow","max-snippet":"max-snippet:-1","max-image-preview":"max-image-preview:large","max-video-preview":"max-video-preview:-1"},"canonical":"https:\/\/www.hasert-haut.de\/tr\/uygulama\/uyelikler\/","og_locale":"tr_TR","og_type":"article","og_title":"\u00dcyelikler | Dermatolog Dr. Hasert Berlin","og_description":"Dermatolog Dr. Raoul Hasert'in ve Berlin-Mitte'deki Friedrichstra\u00dfe'de bulunan Dr. Hasert muayenehanesinin \u00fcyelikleri.","og_url":"https:\/\/www.hasert-haut.de\/tr\/uygulama\/uyelikler\/","og_site_name":"Hautarzt Berlin - Praxisklinik Dr. Hasert","article_modified_time":"2023-06-06T15:17:12+00:00","twitter_misc":{"Tahmini okuma s\u00fcresi":"2 dakika"},"schema":{"@context":"https:\/\/schema.org","@graph":[{"@type":"WebPage","@id":"https:\/\/www.hasert-haut.de\/tr\/uygulama\/uyelikler\/","url":"https:\/\/www.hasert-haut.de\/tr\/uygulama\/uyelikler\/","name":"\u00dcyelikler | Dermatolog Dr. Hasert Berlin","isPartOf":{"@id":"https:\/\/www.hasert-haut.de\/tr\/#website"},"datePublished":"2015-01-20T14:51:48+00:00","dateModified":"2023-06-06T15:17:12+00:00","description":"Dermatolog Dr. Raoul Hasert'in ve Berlin-Mitte'deki Friedrichstra\u00dfe'de bulunan Dr. Hasert muayenehanesinin \u00fcyelikleri.","breadcrumb":{"@id":"https:\/\/www.hasert-haut.de\/tr\/uygulama\/uyelikler\/#breadcrumb"},"inLanguage":"tr","potentialAction":[{"@type":"ReadAction","target":["https:\/\/www.hasert-haut.de\/tr\/uygulama\/uyelikler\/"]}]},{"@type":"BreadcrumbList","@id":"https:\/\/www.hasert-haut.de\/tr\/uygulama\/uyelikler\/#breadcrumb","itemListElement":[{"@type":"ListItem","position":1,"name":"Home","item":"https:\/\/www.hasert-haut.de\/tr\/hosgeldiniz\/"},{"@type":"ListItem","position":2,"name":"\u00fcyelikler"}]},{"@type":"WebSite","@id":"https:\/\/www.hasert-haut.de\/tr\/#website","url":"https:\/\/www.hasert-haut.de\/tr\/","name":"Hautarzt Berlin - Praxisklinik Dr. Hasert","description":"Hautarzt, Allgemeinmedizin","potentialAction":[{"@type":"SearchAction","target":{"@type":"EntryPoint","urlTemplate":"https:\/\/www.hasert-haut.de\/tr\/?s={search_term_string}"},"query-input":{"@type":"PropertyValueSpecification","valueRequired":true,"valueName":"search_term_string"}}],"inLanguage":"tr"}]}},"_links":{"self":[{"href":"https:\/\/www.hasert-haut.de\/tr\/wp-json\/wp\/v2\/pages\/2254","targetHints":{"allow":["GET"]}}],"collection":[{"href":"https:\/\/www.hasert-haut.de\/tr\/wp-json\/wp\/v2\/pages"}],"about":[{"href":"https:\/\/www.hasert-haut.de\/tr\/wp-json\/wp\/v2\/types\/page"}],"author":[{"embeddable":true,"href":"https:\/\/www.hasert-haut.de\/tr\/wp-json\/wp\/v2\/users\/1"}],"replies":[{"embeddable":true,"href":"https:\/\/www.hasert-haut.de\/tr\/wp-json\/wp\/v2\/comments?post=2254"}],"version-history":[{"count":25,"href":"https:\/\/www.hasert-haut.de\/tr\/wp-json\/wp\/v2\/pages\/2254\/revisions"}],"predecessor-version":[{"id":11839,"href":"https:\/\/www.hasert-haut.de\/tr\/wp-json\/wp\/v2\/pages\/2254\/revisions\/11839"}],"up":[{"embeddable":true,"href":"https:\/\/www.hasert-haut.de\/tr\/wp-json\/wp\/v2\/pages\/2139"}],"wp:attachment":[{"href":"https:\/\/www.hasert-haut.de\/tr\/wp-json\/wp\/v2\/media?parent=2254"}],"curies":[{"name":"wp","href":"https:\/\/api.w.org\/{rel}","templated":true}]}}

üyelikler

<style type="text/css" data-created_by="avia_inline_auto" id="style-css-av-l80b1hn9-9f2eba59af245f080f06f2c34f92d60f">
.avia-section.av-l80b1hn9-9f2eba59af245f080f06f2c34f92d60f{
background-repeat:no-repeat;
background-image:url(https://www.hasert-haut.de/wp-content/uploads/2015/01/praxisklinik-dr-hasert-mitgliedschaften.jpg);
background-position:50% 50%;
background-attachment:scroll;
}
</style>
<div id='av_section_1'  class='avia-section av-l80b1hn9-9f2eba59af245f080f06f2c34f92d60f main_color avia-section-default avia-no-border-styling  avia-builder-el-0  el_before_av_section  avia-builder-el-first  avia-full-stretch avia-bg-style-scroll av-minimum-height av-minimum-height-50 av-height-50  container_wrap fullsize'  data-section-bg-repeat='stretch' data-av_minimum_height_pc='50' data-av_min_height_opt='50'><div class='container av-section-cont-open' ><main  role="main" itemprop="mainContentOfPage"  class='template-page content  av-content-full alpha units'><div class='post-entry post-entry-type-page post-entry-2254'><div class='entry-content-wrapper clearfix'>
</div></div></main><!-- close content main element --></div></div><div id='av_section_2'  class='avia-section av-1c52y-6705d96d726e34f30075afd1c9f98823 main_color avia-section-huge avia-no-border-styling  avia-builder-el-1  el_after_av_section  avia-builder-el-last  avia-bg-style-scroll container_wrap fullsize'  ><div class='container av-section-cont-open' ><div class='template-page content  av-content-full alpha units'><div class='post-entry post-entry-type-page post-entry-2254'><div class='entry-content-wrapper clearfix'>

<style type="text/css" data-created_by="avia_inline_auto" id="style-css-av-1zubm-cf8dd5eea0f9c55c19c0ef078ddbcf82">
#top .flex_column.av-1zubm-cf8dd5eea0f9c55c19c0ef078ddbcf82{
margin-top:-200px;
margin-bottom:-200px;
}
.flex_column.av-1zubm-cf8dd5eea0f9c55c19c0ef078ddbcf82{
border-radius:0px 0px 0px 0px;
padding:30px 30px 30px 30px;
background-color:#ffffff;
}
.responsive #top #wrap_all .flex_column.av-1zubm-cf8dd5eea0f9c55c19c0ef078ddbcf82{
margin-top:-200px;
margin-bottom:-200px;
}
</style>
<div  class='flex_column av-1zubm-cf8dd5eea0f9c55c19c0ef078ddbcf82 av_one_full  avia-builder-el-2  el_before_av_hr  avia-builder-el-first  first flex_column_div  '     ><style type="text/css" data-created_by="avia_inline_auto" id="style-css-av-l96ul8id-aad023ae513f9642909a7fbba7c9e959">
#top .av-special-heading.av-l96ul8id-aad023ae513f9642909a7fbba7c9e959{
margin:30px 0 0 0;
padding-bottom:10px;
}
body .av-special-heading.av-l96ul8id-aad023ae513f9642909a7fbba7c9e959 .av-special-heading-tag .heading-char{
font-size:25px;
}
.av-special-heading.av-l96ul8id-aad023ae513f9642909a7fbba7c9e959 .av-subheading{
font-size:15px;
}
</style>
<div  class='av-special-heading av-l96ul8id-aad023ae513f9642909a7fbba7c9e959 av-special-heading-h1 blockquote modern-quote modern-centered  avia-builder-el-3  avia-builder-el-no-sibling '><h1 class='av-special-heading-tag'  itemprop="headline"  >üyelikler</h1><div class="special-heading-border"><div class="special-heading-inner-border"></div></div></div></div>
<style type="text/css" data-created_by="avia_inline_auto" id="style-css-av-l96u2dxw-bef62529ba4e12912e5f4b47d6fefae0">
#top .hr.hr-invisible.av-l96u2dxw-bef62529ba4e12912e5f4b47d6fefae0{
height:50px;
}
</style>
<div  class='hr av-l96u2dxw-bef62529ba4e12912e5f4b47d6fefae0 hr-invisible  avia-builder-el-4  el_after_av_one_full  el_before_av_heading '><span class='hr-inner '><span class="hr-inner-style"></span></span></div>

<style type="text/css" data-created_by="avia_inline_auto" id="style-css-av-1acx2-6c6b3e54fd409c363750001e77f25565">
#top .av-special-heading.av-1acx2-6c6b3e54fd409c363750001e77f25565{
padding-bottom:10px;
}
body .av-special-heading.av-1acx2-6c6b3e54fd409c363750001e77f25565 .av-special-heading-tag .heading-char{
font-size:25px;
}
.av-special-heading.av-1acx2-6c6b3e54fd409c363750001e77f25565 .av-subheading{
font-size:15px;
}
</style>
<div  class='av-special-heading av-1acx2-6c6b3e54fd409c363750001e77f25565 av-special-heading-h2 blockquote modern-quote  avia-builder-el-5  el_after_av_hr  el_before_av_textblock '><h2 class='av-special-heading-tag'  itemprop="headline"  >doktor Karen Hasert</h2><div class="special-heading-border"><div class="special-heading-inner-border"></div></div></div>
<section  class='av_textblock_section av-20x3a-e5703d43d5f1a6ffa82a0e7d4237981b '   itemscope="itemscope" itemtype="https://schema.org/CreativeWork" ><div class='avia_textblock'  itemprop="text" ><ul>
<li>Alman Dermatoloji Derneği (DDG)</li>
<li>Alman Lazer Derneği</li>
</ul>
</div></section>

<style type="text/css" data-created_by="avia_inline_auto" id="style-css-av-vlla-f69193872307952d1a7dacb6dffefecf">
#top .av-special-heading.av-vlla-f69193872307952d1a7dacb6dffefecf{
padding-bottom:10px;
}
body .av-special-heading.av-vlla-f69193872307952d1a7dacb6dffefecf .av-special-heading-tag .heading-char{
font-size:25px;
}
.av-special-heading.av-vlla-f69193872307952d1a7dacb6dffefecf .av-subheading{
font-size:15px;
}
</style>
<div  class='av-special-heading av-vlla-f69193872307952d1a7dacb6dffefecf av-special-heading-h2 blockquote modern-quote  avia-builder-el-7  el_after_av_textblock  el_before_av_textblock '><h2 class='av-special-heading-tag'  itemprop="headline"  >doktor Raoul Hasert</h2><div class="special-heading-border"><div class="special-heading-inner-border"></div></div></div>
<section  class='av_textblock_section av-374y-d94dd4c8d6f67223b8569040fe7672c0 '   itemscope="itemscope" itemtype="https://schema.org/CreativeWork" ><div class='avia_textblock'  itemprop="text" ><ul>
<li>Alman Lazer Derneği</li>
<li>Uluslararası Estetik Tıp Derneği (IGÄM)</li>
<li>Amerikan Klinik Onkoloji Derneği (ASCO)</li>
<li>Alman Estetik Cerrahi Derneği (GÄCD)</li>
<li>Gesellschaft für Ästhetische Chirurgie Deutschlands (GÄCD)</li>
<li>Alman Dermatocerrahi Derneği</li>
</ul>
</div></section>

<p>Dermatolog Dr. Raoul Hasert&#8217;in ve Berlin-Mitte&#8217;deki Friedrichstraße&#8217;de bulunan Dr. Hasert muayenehanesinin üyelikleri.</p>

<!-- This site is optimized with the Yoast SEO plugin v25.3.1 - https://yoast.com/wordpress/plugins/seo/ -->
<title>Üyelikler | Dermatolog Dr. Hasert Berlin</title>
<meta name="description" content="Dermatolog Dr. Raoul Hasert&#039;in ve Berlin-Mitte&#039;deki Friedrichstraße&#039;de bulunan Dr. Hasert muayenehanesinin üyelikleri." />
<meta name="robots" content="index, follow, max-snippet:-1, max-image-preview:large, max-video-preview:-1" />
<link rel="canonical" href="https://www.hasert-haut.de/tr/uygulama/uyelikler/" />
<meta property="og:locale" content="tr_TR" />
<meta property="og:type" content="article" />
<meta property="og:title" content="Üyelikler | Dermatolog Dr. Hasert Berlin" />
<meta property="og:description" content="Dermatolog Dr. Raoul Hasert&#039;in ve Berlin-Mitte&#039;deki Friedrichstraße&#039;de bulunan Dr. Hasert muayenehanesinin üyelikleri." />
<meta property="og:url" content="https://www.hasert-haut.de/tr/uygulama/uyelikler/" />
<meta property="og:site_name" content="Hautarzt Berlin - Praxisklinik Dr. Hasert" />
<meta property="article:modified_time" content="2023-06-06T15:17:12+00:00" />
<meta name="twitter:label1" content="Tahmini okuma süresi" />
	<meta name="twitter:data1" content="2 dakika" />
<script type="application/ld+json" class="yoast-schema-graph">{"@context":"https://schema.org","@graph":[{"@type":"WebPage","@id":"https://www.hasert-haut.de/tr/uygulama/uyelikler/","url":"https://www.hasert-haut.de/tr/uygulama/uyelikler/","name":"Üyelikler | Dermatolog Dr. Hasert Berlin","isPartOf":{"@id":"https://www.hasert-haut.de/tr/#website"},"datePublished":"2015-01-20T14:51:48+00:00","dateModified":"2023-06-06T15:17:12+00:00","description":"Dermatolog Dr. Raoul Hasert'in ve Berlin-Mitte'deki Friedrichstraße'de bulunan Dr. Hasert muayenehanesinin üyelikleri.","breadcrumb":{"@id":"https://www.hasert-haut.de/tr/uygulama/uyelikler/#breadcrumb"},"inLanguage":"tr","potentialAction":[{"@type":"ReadAction","target":["https://www.hasert-haut.de/tr/uygulama/uyelikler/"]}]},{"@type":"BreadcrumbList","@id":"https://www.hasert-haut.de/tr/uygulama/uyelikler/#breadcrumb","itemListElement":[{"@type":"ListItem","position":1,"name":"Home","item":"https://www.hasert-haut.de/tr/hosgeldiniz/"},{"@type":"ListItem","position":2,"name":"üyelikler"}]},{"@type":"WebSite","@id":"https://www.hasert-haut.de/tr/#website","url":"https://www.hasert-haut.de/tr/","name":"Hautarzt Berlin - Praxisklinik Dr. Hasert","description":"Hautarzt, Allgemeinmedizin","potentialAction":[{"@type":"SearchAction","target":{"@type":"EntryPoint","urlTemplate":"https://www.hasert-haut.de/tr/?s={search_term_string}"},"query-input":{"@type":"PropertyValueSpecification","valueRequired":true,"valueName":"search_term_string"}}],"inLanguage":"tr"}]}</script>
<!-- / Yoast SEO plugin. -->

Üyelikler | Dermatolog Dr. Hasert Berlin

Dermatolog Dr. Raoul Hasert'in ve Berlin-Mitte'deki Friedrichstraße'de bulunan Dr. Hasert muayenehanesinin üyelikleri.
